[INFO] cloning repository https://github.com/peripherio/peripherio
[INFO] running `Command { std: "git" "-c" "credential.helper=" "-c" "credential.helper=/workspace/cargo-home/bin/git-credential-null" "clone" "--bare" "https://github.com/peripherio/peripherio" "/workspace/cache/git-repos/https%3A%2F%2Fgithub.com%2Fperipherio%2Fperipherio", kill_on_drop: false }`
[INFO] [stderr] Cloning into bare repository '/workspace/cache/git-repos/https%3A%2F%2Fgithub.com%2Fperipherio%2Fperipherio'...
[INFO] running `Command { std: "git" "rev-parse" "HEAD", kill_on_drop: false }`
[INFO] [stdout] a5ebb68ce23f2ebec1a58efb3c05f1e7479177e7
[INFO] checking peripherio/peripherio against master#cfbc6d4cf1acbac5c025acf8ed68929caa551df3 for pr-75494-beta
[INFO] running `Command { std: "git" "clone" "/workspace/cache/git-repos/https%3A%2F%2Fgithub.com%2Fperipherio%2Fperipherio" "/workspace/builds/worker-5/source", kill_on_drop: false }`
[INFO] [stderr] Cloning into '/workspace/builds/worker-5/source'...
[INFO] [stderr] done.
[INFO] validating manifest of git repo https://github.com/peripherio/peripherio on toolchain cfbc6d4cf1acbac5c025acf8ed68929caa551df3
[INFO] running `Command { std: "/workspace/cargo-home/bin/cargo" "+cfbc6d4cf1acbac5c025acf8ed68929caa551df3" "read-manifest" "--manifest-path" "Cargo.toml", kill_on_drop: false }`
[INFO] started tweaking git repo https://github.com/peripherio/peripherio
[INFO] finished tweaking git repo https://github.com/peripherio/peripherio
[INFO] tweaked toml for git repo https://github.com/peripherio/peripherio written to /workspace/builds/worker-5/source/Cargo.toml
[INFO] crate git repo https://github.com/peripherio/peripherio already has a lockfile, it will not be regenerated
[INFO] running `Command { std: "/workspace/cargo-home/bin/cargo" "+cfbc6d4cf1acbac5c025acf8ed68929caa551df3" "fetch" "--locked" "--manifest-path" "Cargo.toml", kill_on_drop: false }`
[INFO] [stderr]  Downloading crates ...
[INFO] [stderr]   Downloaded grpcio-compiler v0.3.0
[INFO] [stderr]   Downloaded valico v2.1.0
[INFO] [stderr]   Downloaded mktemp v0.3.1
[INFO] [stderr]   Downloaded jsonway v2.0.0
[INFO] [stderr]   Downloaded ryu v0.2.4
[INFO] [stderr]   Downloaded protobuf v2.0.4
[INFO] [stderr]   Downloaded grpcio-sys v0.2.3
[INFO] [stderr]   Downloaded grpcio v0.3.0
[INFO] [stderr]   Downloaded protoc v2.0.4
[INFO] [stderr]   Downloaded protoc-grpcio v0.2.0
[INFO] [stderr]   Downloaded protobuf-codegen v2.0.4
[INFO] [stderr]   Downloaded serde_test v1.0.73
[INFO] running `Command { std: "docker" "create" "-v" "/var/lib/crater-agent-workspace/builds/worker-5/target:/opt/rustwide/target:rw,Z" "-v" "/var/lib/crater-agent-workspace/builds/worker-5/source:/opt/rustwide/workdir:ro,Z" "-v" "/var/lib/crater-agent-workspace/cargo-home:/opt/rustwide/cargo-home:ro,Z" "-v" "/var/lib/crater-agent-workspace/rustup-home:/opt/rustwide/rustup-home:ro,Z" "-e" "SOURCE_DIR=/opt/rustwide/workdir" "-e" "CARGO_TARGET_DIR=/opt/rustwide/target" "-e" "CARGO_HOME=/opt/rustwide/cargo-home" "-e" "RUSTUP_HOME=/opt/rustwide/rustup-home" "-w" "/opt/rustwide/workdir" "-m" "1610612736" "--user" "0:0" "--network" "none" "rustops/crates-build-env@sha256:a636fd89d022f18117e1dc8fb37a0a009933cdbbe082814857f0e2024962d47c" "/opt/rustwide/cargo-home/bin/cargo" "+cfbc6d4cf1acbac5c025acf8ed68929caa551df3" "metadata" "--no-deps" "--format-version=1", kill_on_drop: false }`
[INFO] [stdout] 6a70825b455743e8af04f4171e399973d63f891ca7b1ca99d81d304afaca8f03
[INFO] [stderr] WARNING: Your kernel does not support swap limit capabilities or the cgroup is not mounted. Memory limited without swap.
[INFO] running `Command { std: "docker" "start" "-a" "6a70825b455743e8af04f4171e399973d63f891ca7b1ca99d81d304afaca8f03", kill_on_drop: false }`
[INFO] running `Command { std: "docker" "inspect" "6a70825b455743e8af04f4171e399973d63f891ca7b1ca99d81d304afaca8f03", kill_on_drop: false }`
[INFO] running `Command { std: "docker" "rm" "-f" "6a70825b455743e8af04f4171e399973d63f891ca7b1ca99d81d304afaca8f03", kill_on_drop: false }`
[INFO] [stdout] 6a70825b455743e8af04f4171e399973d63f891ca7b1ca99d81d304afaca8f03
[INFO] running `Command { std: "docker" "create" "-v" "/var/lib/crater-agent-workspace/builds/worker-5/target:/opt/rustwide/target:rw,Z" "-v" "/var/lib/crater-agent-workspace/builds/worker-5/source:/opt/rustwide/workdir:ro,Z" "-v" "/var/lib/crater-agent-workspace/cargo-home:/opt/rustwide/cargo-home:ro,Z" "-v" "/var/lib/crater-agent-workspace/rustup-home:/opt/rustwide/rustup-home:ro,Z" "-e" "SOURCE_DIR=/opt/rustwide/workdir" "-e" "CARGO_TARGET_DIR=/opt/rustwide/target" "-e" "CARGO_INCREMENTAL=0" "-e" "RUST_BACKTRACE=full" "-e" "RUSTFLAGS=--cap-lints=forbid" "-e" "CARGO_HOME=/opt/rustwide/cargo-home" "-e" "RUSTUP_HOME=/opt/rustwide/rustup-home" "-w" "/opt/rustwide/workdir" "-m" "1610612736" "--user" "0:0" "--network" "none" "rustops/crates-build-env@sha256:a636fd89d022f18117e1dc8fb37a0a009933cdbbe082814857f0e2024962d47c" "/opt/rustwide/cargo-home/bin/cargo" "+cfbc6d4cf1acbac5c025acf8ed68929caa551df3" "check" "--frozen" "--all" "--all-targets" "--message-format=json", kill_on_drop: false }`
[INFO] [stdout] 479817f791179bf62638c5e6c8ccd8e49da4fbd12b89e19f8660c4e39b9fffd0
[INFO] [stderr] WARNING: Your kernel does not support swap limit capabilities or the cgroup is not mounted. Memory limited without swap.
[INFO] running `Command { std: "docker" "start" "-a" "479817f791179bf62638c5e6c8ccd8e49da4fbd12b89e19f8660c4e39b9fffd0", kill_on_drop: false }`
[INFO] [stderr]     Blocking waiting for file lock on package cache
[INFO] [stderr]     Blocking waiting for file lock on package cache
[INFO] [stderr]    Compiling cc v1.0.18
[INFO] [stderr]    Compiling proc-macro2 v0.4.12
[INFO] [stderr]    Compiling unicode-xid v0.1.0
[INFO] [stderr]    Compiling serde v1.0.71
[INFO] [stderr]    Compiling protobuf v2.0.4
[INFO] [stderr]    Compiling cfg-if v0.1.5
[INFO] [stderr]    Compiling num-traits v0.2.5
[INFO] [stderr]    Compiling ryu v0.2.4
[INFO] [stderr]    Compiling rustc-demangle v0.1.9
[INFO] [stderr]     Checking matches v0.1.7
[INFO] [stderr]     Checking bitflags v1.0.3
[INFO] [stderr]    Compiling nix v0.11.0
[INFO] [stderr]     Checking unicode-normalization v0.1.7
[INFO] [stderr]     Checking unicode-width v0.1.5
[INFO] [stderr]     Checking percent-encoding v1.0.1
[INFO] [stderr]     Checking void v1.0.2
[INFO] [stderr]     Checking typeable v0.1.2
[INFO] [stderr]     Checking strsim v0.7.0
[INFO] [stderr]     Checking ansi_term v0.11.0
[INFO] [stderr]     Checking lazy_static v0.2.11
[INFO] [stderr]     Checking traitobject v0.0.3
[INFO] [stderr]     Checking vec_map v0.8.1
[INFO] [stderr]    Compiling rand v0.4.3
[INFO] [stderr]    Compiling phf_shared v0.7.22
[INFO] [stderr]     Checking memchr v0.1.11
[INFO] [stderr]     Checking log v0.4.3
[INFO] [stderr]     Checking unicode-bidi v0.3.4
[INFO] [stderr]     Checking textwrap v0.10.0
[INFO] [stderr]     Checking uuid v0.6.5
[INFO] [stderr]     Checking aho-corasick v0.5.3
[INFO] [stderr]     Checking phf v0.7.22
[INFO] [stderr]     Checking thread-id v2.0.0
[INFO] [stderr]     Checking log v0.3.9
[INFO] [stderr]     Checking clap v2.32.0
[INFO] [stderr]     Checking thread_local v0.2.7
[INFO] [stderr]    Compiling protoc v2.0.4
[INFO] [stderr]     Checking regex v0.1.80
[INFO] [stderr]    Compiling cmake v0.1.33
[INFO] [stderr]    Compiling quote v0.6.6
[INFO] [stderr]    Compiling syn v0.14.8
[INFO] [stderr]    Compiling rand v0.3.22
[INFO] [stderr]    Compiling phf_generator v0.7.22
[INFO] [stderr]    Compiling uuid v0.1.18
[INFO] [stderr]    Compiling phf_codegen v0.7.22
[INFO] [stderr]    Compiling backtrace-sys v0.1.24
[INFO] [stderr]    Compiling grpcio-sys v0.2.3
[INFO] [stderr]    Compiling libloading v0.5.0
[INFO] [stderr]    Compiling valico v2.1.0
[INFO] [stderr]    Compiling mktemp v0.3.1
[INFO] [stderr]     Checking num-traits v0.1.43
[INFO] [stderr]     Checking rmp v0.8.7
[INFO] [stderr]     Checking idna v0.1.5
[INFO] [stderr]     Checking url v1.7.1
[INFO] [stderr]    Compiling backtrace v0.3.9
[INFO] [stderr]     Checking ctrlc v3.1.1
[INFO] [stderr]    Compiling synstructure v0.9.0
[INFO] [stderr]    Compiling protobuf-codegen v2.0.4
[INFO] [stderr]    Compiling failure_derive v0.1.2
[INFO] [stderr]    Compiling serde_derive v1.0.71
[INFO] [stderr]    Compiling failure v0.1.2
[INFO] [stderr]     Checking serde_test v1.0.73
[INFO] [stderr]     Checking serde_json v1.0.26
[INFO] [stderr]     Checking rmp-serde v0.13.7
[INFO] [stderr]    Compiling grpcio-compiler v0.3.0
[INFO] [stderr]    Compiling protoc-grpcio v0.2.0
[INFO] [stderr]     Checking linked-hash-map v0.5.1
[INFO] [stderr]     Checking yaml-rust v0.4.0
[INFO] [stderr]     Checking jsonway v2.0.0
[INFO] [stderr]     Checking serde_yaml v0.7.5
[INFO] [stderr]    Compiling peripherio v0.1.0 (/opt/rustwide/workdir)
[INFO] [stderr] error: failed to run custom build command for `peripherio v0.1.0 (/opt/rustwide/workdir)`
[INFO] [stderr] 
[INFO] [stderr] Caused by:
[INFO] [stderr]   process didn't exit successfully: `/opt/rustwide/target/debug/build/peripherio-ed41f8a09ef64444/build-script-build` (exit code: 101)
[INFO] [stderr]   --- stdout
[INFO] [stderr]   cargo:rerun-if-changed=protos
[INFO] [stderr] 
[INFO] [stderr]   --- stderr
[INFO] [stderr]   thread 'main' panicked at 'Failed to compile gRPC definitions!: Os { code: 30, kind: Other, message: "Read-only file system" }
[INFO] [stderr] 
[INFO] [stderr]   stack backtrace:
[INFO] [stderr]      0:     0x55e09c7bede3 - backtrace::backtrace::libunwind::trace::h7e1aee97677a0f0b
[INFO] [stderr]                           at /opt/rustwide/cargo-home/registry/src/github.com-1ecc6299db9ec823/backtrace-0.3.9/src/backtrace/libunwind.rs:53
[INFO] [stderr]                            - backtrace::backtrace::trace::he71f528b006c866a
[INFO] [stderr]                           at /opt/rustwide/cargo-home/registry/src/github.com-1ecc6299db9ec823/backtrace-0.3.9/src/backtrace/mod.rs:42
[INFO] [stderr]      1:     0x55e09c7b9253 - backtrace::capture::Backtrace::new_unresolved::hace729fff3414ef0
[INFO] [stderr]                           at /opt/rustwide/cargo-home/registry/src/github.com-1ecc6299db9ec823/backtrace-0.3.9/src/capture.rs:88
[INFO] [stderr]      2:     0x55e09c7b8295 - failure::backtrace::internal::InternalBacktrace::new::ha978bb50dd75fddc
[INFO] [stderr]                           at /opt/rustwide/cargo-home/registry/src/github.com-1ecc6299db9ec823/failure-0.1.2/src/backtrace/internal.rs:44
[INFO] [stderr]      3:     0x55e09c7b6d0c - failure::backtrace::Backtrace::new::h16e89c87eef18da9
[INFO] [stderr]                           at /opt/rustwide/cargo-home/registry/src/github.com-1ecc6299db9ec823/failure-0.1.2/src/backtrace/mod.rs:111
[INFO] [stderr]      4:     0x55e09c78837b - <failure::error::error_impl::ErrorImpl as core::convert::From<F>>::from::hffa7cf8762dd3f56
[INFO] [stderr]                           at /opt/rustwide/cargo-home/registry/src/github.com-1ecc6299db9ec823/failure-0.1.2/src/error/error_impl.rs:20
[INFO] [stderr]      5:     0x55e09c78774e - <failure::error::Error as core::convert::From<F>>::from::hed4c2a4b3b7d7a32
[INFO] [stderr]                           at /opt/rustwide/cargo-home/registry/src/github.com-1ecc6299db9ec823/failure-0.1.2/src/error/mod.rs:36
[INFO] [stderr]      6:     0x55e09c77fc2e - <T as core::convert::Into<U>>::into::hbf975ba48a2ef3ec
[INFO] [stderr]                           at /rustc/cfbc6d4cf1acbac5c025acf8ed68929caa551df3/src/libcore/convert/mod.rs:560
[INFO] [stderr]      7:     0x55e09c77f3fd - failure::context::Context<D>::with_err::h1d1625cfd15c2ba7
[INFO] [stderr]                           at /opt/rustwide/cargo-home/registry/src/github.com-1ecc6299db9ec823/failure-0.1.2/src/context.rs:78
[INFO] [stderr]      8:     0x55e09c780115 - failure::Fail::context::hd23efa25bfda67a4
[INFO] [stderr]                           at /opt/rustwide/cargo-home/registry/src/github.com-1ecc6299db9ec823/failure-0.1.2/src/lib.rs:148
[INFO] [stderr]      9:     0x55e09c789d35 - <core::result::Result<T,E> as failure::result_ext::ResultExt<T,E>>::context::{{closure}}::h56c8059ca8c6f08c
[INFO] [stderr]                           at /opt/rustwide/cargo-home/registry/src/github.com-1ecc6299db9ec823/failure-0.1.2/src/result_ext.rs:164
[INFO] [stderr]     10:     0x55e09c7855a1 - core::result::Result<T,E>::map_err::h1477d36a415121a3
[INFO] [stderr]                           at /rustc/cfbc6d4cf1acbac5c025acf8ed68929caa551df3/src/libcore/result.rs:612
[INFO] [stderr]     11:     0x55e09c7861bd - <core::result::Result<T,E> as failure::result_ext::ResultExt<T,E>>::context::h017bcd7484d9106d
[INFO] [stderr]                           at /opt/rustwide/cargo-home/registry/src/github.com-1ecc6299db9ec823/failure-0.1.2/src/result_ext.rs:164
[INFO] [stderr]     12:     0x55e09c77c8f7 - protoc_grpcio::write_out_generated_files::h639b6fdfb3cece37
[INFO] [stderr]                           at /opt/rustwide/cargo-home/registry/src/github.com-1ecc6299db9ec823/protoc-grpcio-0.2.0/src/lib.rs:91
[INFO] [stderr]     13:     0x55e09c77bf1c - protoc_grpcio::compile_grpc_protos::h64225d7b64f00f47
[INFO] [stderr]                           at /opt/rustwide/cargo-home/registry/src/github.com-1ecc6299db9ec823/protoc-grpcio-0.2.0/src/lib.rs:256
[INFO] [stderr]     14:     0x55e09c77ee9b - build_script_build::main::hdc86106b1f107367
[INFO] [stderr]                           at /opt/rustwide/workdir/build.rs:7
[INFO] [stderr]     15:     0x55e09c78730a - std::rt::lang_start::{{closure}}::h06cfd8316817cd20
[INFO] [stderr]                           at /rustc/cfbc6d4cf1acbac5c025acf8ed68929caa551df3/src/libstd/rt.rs:67
[INFO] [stderr]     16:     0x55e09ca154a2 - std::rt::lang_start_internal::{{closure}}::h84a998219831fa70
[INFO] [stderr]                           at src/libstd/rt.rs:52
[INFO] [stderr]                            - std::panicking::try::do_call::he8e1d689a3e26def
[INFO] [stderr]                           at src/libstd/panicking.rs:348
[INFO] [stderr]                            - std::panicking::try::h264b6eebc2fa7bbf
[INFO] [stderr]                           at src/libstd/panicking.rs:325
[INFO] [stderr]                            - std::panic::catch_unwind::hbf28fafa723b2128
[INFO] [stderr]                           at src/libstd/panic.rs:394
[INFO] [stderr]                            - std::rt::lang_start_internal::he959aa59bc3ec202
[INFO] [stderr]                           at src/libstd/rt.rs:51
[INFO] [stderr]     17:     0x55e09c7872e6 - std::rt::lang_start::h6aa9ccb8855b8c55
[INFO] [stderr]                           at /rustc/cfbc6d4cf1acbac5c025acf8ed68929caa551df3/src/libstd/rt.rs:67
[INFO] [stderr]     18:     0x55e09c77ef09 - main
[INFO] [stderr]     19:     0x7f793986d0b2 - __libc_start_main
[INFO] [stderr]     20:     0x55e09c7771cd - _start
[INFO] [stderr]     21:                0x0 - <unknown>
[INFO] [stderr] 
[INFO] [stderr]   failed to create "src/protos/peripherio_grpc.rs"
[INFO] [stderr] 
[INFO] [stderr]   failed to write generated grpc definitions', build.rs:8:10
[INFO] [stderr]   stack backtrace:
[INFO] [stderr]      0:     0x55e09ca12135 - backtrace::backtrace::libunwind::trace::h5e2646fa3eddf2ea
[INFO] [stderr]                                  at /cargo/registry/src/github.com-1ecc6299db9ec823/backtrace-0.3.46/src/backtrace/libunwind.rs:86
[INFO] [stderr]      1:     0x55e09ca12135 - backtrace::backtrace::trace_unsynchronized::hb95dd7f77ce47877
[INFO] [stderr]                                  at /cargo/registry/src/github.com-1ecc6299db9ec823/backtrace-0.3.46/src/backtrace/mod.rs:66
[INFO] [stderr]      2:     0x55e09ca12135 - std::sys_common::backtrace::_print_fmt::h5e71b67af43fd70d
[INFO] [stderr]                                  at src/libstd/sys_common/backtrace.rs:78
[INFO] [stderr]      3:     0x55e09ca12135 - <std::sys_common::backtrace::_print::DisplayBacktrace as core::fmt::Display>::fmt::hdb4a83d2b61107e5
[INFO] [stderr]                                  at src/libstd/sys_common/backtrace.rs:59
[INFO] [stderr]      4:     0x55e09ca3c3ac - core::fmt::write::ha20e7262fa3e8a7a
[INFO] [stderr]                                  at src/libcore/fmt/mod.rs:1076
[INFO] [stderr]      5:     0x55e09ca0f452 - std::io::Write::write_fmt::h1aebfe8a5a79e36d
[INFO] [stderr]                                  at src/libstd/io/mod.rs:1537
[INFO] [stderr]      6:     0x55e09ca14a90 - std::sys_common::backtrace::_print::h9c07314cc66ba539
[INFO] [stderr]                                  at src/libstd/sys_common/backtrace.rs:62
[INFO] [stderr]      7:     0x55e09ca14a90 - std::sys_common::backtrace::print::hd1fd65f49a2d8544
[INFO] [stderr]                                  at src/libstd/sys_common/backtrace.rs:49
[INFO] [stderr]      8:     0x55e09ca14a90 - std::panicking::default_hook::{{closure}}::h222da46485ab36fc
[INFO] [stderr]                                  at src/libstd/panicking.rs:198
[INFO] [stderr]      9:     0x55e09ca147dc - std::panicking::default_hook::hc5868949d129ed00
[INFO] [stderr]                                  at src/libstd/panicking.rs:217
[INFO] [stderr]     10:     0x55e09ca150d3 - std::panicking::rust_panic_with_hook::h26a6ab8b0993c0c8
[INFO] [stderr]                                  at src/libstd/panicking.rs:526
[INFO] [stderr]     11:     0x55e09ca14ccb - rust_begin_unwind
[INFO] [stderr]                                  at src/libstd/panicking.rs:437
[INFO] [stderr]     12:     0x55e09ca3a311 - core::panicking::panic_fmt::h17139c2000299725
[INFO] [stderr]                                  at src/libcore/panicking.rs:85
[INFO] [stderr]     13:     0x55e09ca3a133 - core::option::expect_none_failed::h972f96abb4ec8952
[INFO] [stderr]                                  at src/libcore/option.rs:1269
[INFO] [stderr]     14:     0x55e09c785496 - core::result::Result<T,E>::expect::h15d346137cd57822
[INFO] [stderr]                                  at /rustc/cfbc6d4cf1acbac5c025acf8ed68929caa551df3/src/libcore/result.rs:963
[INFO] [stderr]     15:     0x55e09c77eed6 - build_script_build::main::hdc86106b1f107367
[INFO] [stderr]                                  at /opt/rustwide/workdir/build.rs:7
[INFO] [stderr]     16:     0x55e09c78730b - std::rt::lang_start::{{closure}}::h06cfd8316817cd20
[INFO] [stderr]                                  at /rustc/cfbc6d4cf1acbac5c025acf8ed68929caa551df3/src/libstd/rt.rs:67
[INFO] [stderr]     17:     0x55e09ca154a3 - std::rt::lang_start_internal::{{closure}}::h84a998219831fa70
[INFO] [stderr]                                  at src/libstd/rt.rs:52
[INFO] [stderr]     18:     0x55e09ca154a3 - std::panicking::try::do_call::he8e1d689a3e26def
[INFO] [stderr]                                  at src/libstd/panicking.rs:348
[INFO] [stderr]     19:     0x55e09ca154a3 - std::panicking::try::h264b6eebc2fa7bbf
[INFO] [stderr]                                  at src/libstd/panicking.rs:325
[INFO] [stderr]     20:     0x55e09ca154a3 - std::panic::catch_unwind::hbf28fafa723b2128
[INFO] [stderr]                                  at src/libstd/panic.rs:394
[INFO] [stderr]     21:     0x55e09ca154a3 - std::rt::lang_start_internal::he959aa59bc3ec202
[INFO] [stderr]                                  at src/libstd/rt.rs:51
[INFO] [stderr]     22:     0x55e09c7872e7 - std::rt::lang_start::h6aa9ccb8855b8c55
[INFO] [stderr]                                  at /rustc/cfbc6d4cf1acbac5c025acf8ed68929caa551df3/src/libstd/rt.rs:67
[INFO] [stderr]     23:     0x55e09c77ef0a - main
[INFO] [stderr]     24:     0x7f793986d0b3 - __libc_start_main
[INFO] [stderr]     25:     0x55e09c7771ce - _start
[INFO] [stderr]     26:                0x0 - <unknown>
[INFO] [stderr] warning: build failed, waiting for other jobs to finish...
[INFO] [stderr] error: build failed
[INFO] running `Command { std: "docker" "inspect" "479817f791179bf62638c5e6c8ccd8e49da4fbd12b89e19f8660c4e39b9fffd0", kill_on_drop: false }`
[INFO] running `Command { std: "docker" "rm" "-f" "479817f791179bf62638c5e6c8ccd8e49da4fbd12b89e19f8660c4e39b9fffd0", kill_on_drop: false }`
[INFO] [stdout] 479817f791179bf62638c5e6c8ccd8e49da4fbd12b89e19f8660c4e39b9fffd0
